 55 - -46. Suppose -9*s + 151 = -k. List the prime factors of s.
2, 7
Let g(d) = -d**3 - 8*d**2 - d - 5. Let q be (11 + (-1 - 2))/(-1). Let w be g(q). Suppose -w*v - 6 = -33. What are the prime factors of v?
3
Let m be 0/((-2)/(-4)*2). Suppose m = -0*g + 5*g - 10. Suppose 0 = -4*n + q + 53, g*n = 3*n + 5*q - 8. List the prime factors of n.
13
Suppose 6*l - 329 - 25 = 0. Suppose 0 = 4*x + l - 283. What are the prime factors of x?
2, 7
Let i be (44/8)/(2/4). Suppose 2*r + 45 = -9. Let x = i - r. List the prime factors of x.
2, 19
Let f(l) = 4*l + 14. Let i(h) = h**2 + 7*h + 1. Let c be i(-8). What are the prime factors of f(c)?
2, 5
Suppose 4*v - 5511 = -3*c, 5*c - v - 3673 = 5489. List the prime factors of c.
3, 13, 47
Let s = 27 + -22. Suppose -4*u - 27 - s = 0. Let j(y) = y**3 + 9*y**2 + 2*y + 9. What are the prime factors of j(u)?
3, 19
Let w(z) = -z - 1. Let v(u) = 22*u + 7. Let g(k) = v(k) + 3*w(k). What are the prime factors of g(2)?
2, 3, 7
Let r(k) = -90*k + 2. Let o be r(1). Let m = o + 169. What are the prime factors of m?
3
Suppose -6*x = -3*x - 6. Let l be (-39)/((-30)/10) - 2. Suppose 4*b - 3*b - 23 = 2*p, -l = -b - x*p. List the prime factors of b.
17
Let m(w) = w**3 - 10*w**2 + 11*w + 13. Suppose 4 = q - 2*b - 20, -b = 3*q - 58. Let p = q + -11. List the prime factors of m(p).
31
List the prime factors of 68/(-3)*48/(-32).
2, 17
Let a = -139 - -267. What are the prime factors of a?
2
Let c(y) = 445*y - 2. Let i be c(1). Let n = i - 248. List the prime factors of n.
3, 5, 13
Let l(k) = k**3 - 4*k**2 - 8. Let r be l(4). What are the prime factors of (-492)/r*(-2)/(-3)?
41
Let g(y) = y**3 - 7*y**2 - 3*y + 6. Let l be g(7). Let v be (7 + -2)*(-6)/l. Suppose 2*o = v*n + 36, 0 = -4*o - 2*n + 49 + 17. What are the prime factors of o?
17
Let c(f) = -3*f - 1. Let o = 30 - 31. Let s be c(o). Suppose -38 + 124 = s*g. What are the prime factors of g?
43
Let q = 39 - -265. Suppose 0*h = 2*h - q. List the prime factors of h.
2, 19
Let d(x) = -x**3 - 15*x**2 + 5*x - 17. Let r be d(-16). Suppose 0 = -7*c + 10*c - r. What are the prime factors of c?
53
What are the prime factors of (((-4640)/3)/16)/((-2)/15)?
5, 29
Suppose -36*j + 6440 = -13*j. What are the prime factors of j?
2, 5, 7
Let r(k) = 0*k + 34*k**2 + k + k - 5*k - 1. What are the prime factors of r(-2)?
3, 47
Let s(v) = 114*v - 60. List the prime factors of s(15).
2, 3, 5, 11
Let m be 2 + (6 - 3) + -3. Suppose -3*r - 4*h = -0*r - 305, m*r - 4*h - 230 = 0. What are the prime factors of r?
107
Let w(v) = -64*v + 25. What are the prime factors of w(-4)?
281
Let b be 33/11*(-1 + -3). Let q = b - -22. Suppose -4*c + q = n, 3*c + 2 = -7. What are the prime factors of n?
2, 11
Let i be 4/(-6)*(34 + -22). Let j be 1*-6*(-2)/3. Let v = j - i. What are the prime factors of v?
2, 3
Suppose 6 = -5*q + 1. Let f be q + (3 - -15 - -3). Let z = f + 12. What are the prime factors of z?
2
Suppose -126 = -7*u + 4340. List the prime factors of u.
2, 11, 29
Let l = 12 - 20. Let n(d) = d + 11. Let r be n(l). Suppose r*w + 2*w - 100 = 0. What are the prime factors of w?
2, 5
Let l = -2 + 7. Suppose 3*d - 50 = 3*b - 11, -l*b = 15. List the prime factors of -5*2*(-5)/d.
5
Suppose 0 = 2*v + 3*v - 10. Suppose 1 = 3*d - v*d. Suppose o = -3*t + 105, 2*t + 3*o - d - 69 = 0. What are the prime factors of t?
5, 7
Suppose 5*x - 3334 - 1141 = -5*h, -1783 = -2*x + 5*h. What are the prime factors of x?
2, 3, 149
Let w be 320/12*(12 + -3). Let n = -70 + w. List the prime factors of n.
2, 5, 17
Suppose 3*i = f - 0*i - 1993, i - 4000 = -2*f. List the prime factors of f.
1999
Let l = -284 + 698. List the prime factors of l.
2, 3, 23
Let g be (-82 + -4)*(-1 - -2). Let a = 171 + g. What are the prime factors of a?
5, 17
Let z = 2 - -5. What are the prime factors of -2 - -46 - (z - 10)?
47
Let p = -49 + 89. Let s = p + 107. List the prime factors of s.
3, 7
Suppose -5*t - 66 = -11. Let c = t + 14. Suppose -c*j + 0*j = -6. What are the prime factors of j?
2
Suppose -1114 = 7*s - 7190. List the prime factors of s.
2, 7, 31
Let x(b) be the third derivative of -b**4/24 + 17*b**3/6 + 6*b**2. Let v be x(6). Suppose v*y + 108 = 15*y. List the prime factors of y.
3
List the prime factors of -1255*(18/(-279) + 796/(-155)).
2, 13, 251
List the prime factors of ((-3)/(-9) - 8125/(-15)) + -3.
7, 11
Suppose 7*s + 23*s = 28470. What are the prime factors of s?
13, 73
Let x(y) = -4*y + 19*y**2 - 10*y - 6*y + 18*y + 1. List the prime factors of x(2).
73
Let h(r) = r**2 - 5*r + 4. Let q(f) = -f**2 + 8*f - 10. Let y be q(5). Let v be h(y). What are the prime factors of ((15 - v) + -2)/1?
3
Suppose -242*v = -229*v - 12922. List the prime factors of v.
2, 7, 71
Let y(i) be the second derivative of 11*i**4/3 + 2*i**3/3 - 3*i**2/2 - 24*i. What are the prime factors of y(1)?
3, 5
What are the prime factors of (27 - (0 + 6)) + 2/(-2)?
2, 5
Suppose 0 = -4*j - 4, -4*x + 2*x = 4*j - 32. Suppose -12*n - 1104 = -x*n. What are the prime factors of n?
2, 23
Suppose 0*b - b = -f - 8, -b - 4*f = 17. Suppose p - 2*l = 18, -l = -b*p + l + 50. List the prime factors of p.
2
Let a = 151 + -149. List the prime factors of a.
2
Suppose -10*l + 7*l = -1362. What are the prime factors of l?
2, 227
Let k(o) = 18*o**2 - 9*o + 33. List the prime factors of k(6).
3, 11, 19
Let k be 7*1*(-2 - 0). Let l = 16 + k. Suppose l*r - 5*r + 87 = 0. List the prime factors of r.
29
Let p(h) = h**3 - 12*h**2 + 13*h - 22. Let y be p(11). Suppose -g = t - 163, y*g = -2*g - t + 325. List the prime factors of g.
2, 3
Let j(n) = -n**2 + 14*n - 15. Let y be j(11). Let o be (-21)/(-1)*(-6)/y. List the prime factors of (-40)/(-1) - (o - -10).
37
Let g(u) = -u**2 + 18*u + 61. What are the prime factors of g(18)?
61
Let s be (-263 + 3)*12/(-15). Suppose -4*h - 48 = -s. List the prime factors of h.
2, 5
Let p be 477/3 - 3/(-3). Suppose h - 4*c - 34 = -0*h, -4*h + p = -4*c. Let j = h + -8. List the prime factors of j.
2, 17
List the prime factors of 5047/9 - 46/(-207).
3, 11, 17
Suppose -4*p + 10737 = -3*q, -3*p = -4*q - 10339 + 2288. What are the prime factors of p?
3, 5, 179
Suppose 28*q - 19*q - 3051 = 0. What are the prime factors of q?
3, 113
Let b(a) = 2*a**2 + 2*a - 5. Suppose -3*z - 13 = 2. What are the prime factors of b(z)?
5, 7
Suppose 0 = -5*v - d + 31, -4*v - 14 = -2*d - 50. Suppose v*i = 6*i + 41. What are the prime factors of i*(-1)/4*-4?
41
Let p(s) be the second derivative of -1/6*s**3 - 3*s + 0 + s**2. What are the prime factors of p(-11)?
13
Let u(c) = -4*c - 3*c - 11 - 5 - 2*c. Suppose -l = 1 + 5. What are the prime factors of u(l)?
2, 19
Suppose -3*c - 2*o + o = -809, 5*o = -c + 279. List the prime factors of c.
269
What are the prime factors of 15/(-6)*12740/(-25)?
2, 7, 13
Suppose -77848 = -19*j - 12735. What are the prime factors of j?
23, 149
Suppose 5*j - 2*a = 336, 2*a = -0 + 4. Suppose 20 = 4*t - j. What are the prime factors of t?
2, 11
Let s(f) = 33*f**3 - 2*f**2 + 5*f - 2. Let h be s(-4). Let v be (-2)/(-11) - h/66. Suppose -v = -2*u + 65. What are the prime factors of u?
7
Let v(m) = -m**3 + 6*m**2 - m + 4. Let h be v(4). Let j = h + -10. Suppose 0 = b + b - j. List the prime factors of b.
11
Let r be (3/(-3) - -3) + 528. Suppose 0 = 4*v - j - r, -2*v - 7*j + 2*j + 276 = 0. What are the prime factors of v?
7, 19
List the prime factors of (-171)/(-6)*352/24.
2, 11, 19
Let m = 767 - 296. What are the prime factors of m?
3, 157
Let c = -16 - -21. Suppose 79 + 146 = c*q. What are the prime factors of q?
3, 5
Let g(n) = 21*n**2 + 5*n - 2. Let r be g(-4). Let v = r - 176. Suppose -6*p = -3*p - v. List the prime factors of p.
2, 23
Let n(b) = b**3 + 2*b + 2. What are the prime factors of n(7)?
359
Let z(m) = -m**2 + 3*m + 5. Let f be z(3). Let q be f - (2 + 0 - -1). What are the prime factors of -28*(1 - q) + 0?
2, 7
Let c(y) = 8*y + 11*y**2 - 3*y**2 - 6*y**2 - 22. List the prime factors of c(7).
2, 3, 11
Suppose 4*g = g - 9. Suppose 17*k - 112 = 2506. List the prime factors of (g/2)/((-7)/k).
3, 11
Let z be ((-26)/8)/(9/(-72)). Suppose 168 + z = 2*g. Suppose -5*a - 2 + g = 0. What are the prime factors of a?
19
Suppose -31*m - 436 = 1424. Let h = 1 - 1. List the prime factors of m/14*(h - 7).
2, 3, 5
Let u(f) = f**2 - 6*f - 17. Let l be u(-11). Let i = 28 + l. List t